0493 a prime number?
False
Is 40160734501 composite?
True
Is 739088861 prime?
False
Is 13950826783 composite?
True
Is 39747580661 a composite number?
True
Is 4140189811 prime?
False
Is 44271192137 a prime number?
False
Is 25956698617 prime?
False
Is 14282698786 a composite number?
True
Is 3423390491 a prime number?
True
Is 1297587778 a prime number?
False
Is 3197891489 a composite number?
True
Is 42410993929 prime?
True
Is 412495859 a composite number?
False
Is 1624204163 prime?
True
Is 10977159157 prime?
True
Is 3668977357 a composite number?
False
Is 1336566047 prime?
False
Is 4412283127 prime?
False
Is 542415949 a composite number?
True
Is 486502243 composite?
True
Is 1396882871 a composite number?
False
Is 32698828663 composite?
False
Is 789756011 composite?
True
Is 415734689 a prime number?
True
Is 1606928861 a composite number?
False
Is 1500105863 prime?
True
Is 458043222863 composite?
False
Is 455774814733 a composite number?
True
Is 2096725117 a prime number?
False
Is 561499619 a composite number?
True
Is 3536468371 composite?
True
Is 6739927459 a composite number?
False
Is 272757761 a prime number?
False
Is 70427131 composite?
False
Is 5104958413 a prime number?
False
Is 962413237 composite?
False
Is 2887343651 a composite number?
False
Is 62719560907 composite?
True
Is 8481777127 composite?
False
Is 20744837309 composite?
True
Is 1255285067 a composite number?
True
Is 15390488459 prime?
False
Is 312824559 a prime number?
False
Is 452001829 a prime number?
True
Is 17564624431 composite?
True
Is 9409264481 composite?
True
Is 105197933 a composite number?
False
Is 16747533629 a composite number?
True
Is 631157821 a prime number?
False
Is 7872615563 composite?
False
Is 1497419701 composite?
False
Is 6124942739 composite?
False
Is 68689461497 a prime number?
True
Is 186453529 composite?
True
Is 7741944161 a prime number?
False
Is 13347436087 a prime number?
True
Is 2056755167 a composite number?
True
Is 16343632661 a prime number?
True
Is 135306161 composite?
True
Is 6485190721 a composite number?
True
Is 9180161 a prime number?
True
Is 36422029939 prime?
False
Is 10534727743 prime?
False
Is 1535373877 prime?
True
Is 1636594723 a prime number?
False
Is 40638736297 a composite number?
False
Is 4633743217 a composite number?
False
Is 230393071 prime?
True
Is 184368739 a composite number?
False
Is 11686144159 prime?
True
Is 1131197147 a prime number?
False
Is 7658093433 composite?
True
Is 776294139 composite?
True
Is 1201676789 prime?
False
Is 1570555583 prime?
True
Is 6619139557 a prime number?
True
Is 2706836411 a prime number?
True
Is 234738307 prime?
True
Is 37185638297 prime?
False
Is 2641034819 a composite number?
True
Is 387356938039 prime?
True
Is 2807933717 composite?
True
Is 14625888223 prime?
False
Is 225360419 a prime number?
True
Is 20830245257 a prime number?
True
Is 4932909413 prime?
True
Is 634846637 composite?
True
Is 4187970841 a composite number?
False
Is 73038462787 a prime number?
False
Is 129747701 a prime number?
True
Is 988725121 a composite number?
True
Is 43342718379 prime?
False
Is 1513636849 composite?
True
Is 125714909 prime?
False
Is 1561548931 a composite number?
False
Is 9968127179 composite?
False
Is 46538348693 a composite number?
False
Is 1000462303 prime?
False
Is 694308511 composite?
True
Is 10467209 prime?
False
Is 1600971697 composite?
True
Is 2009450777 a prime number?
True
Is 66752303 a prime number?
True
Is 2258377717 prime?
True
Is 7624130429 a composite number?
False
Is 23520141538 a composite number?
True
Is 641483148623 prime?
True
Is 43322688571 a composite number?
False
Is 190450343 a composite number?
True
Is 2099395273 composite?
False
Is 13344075131 a prime number?
True
Is 1398398203 a prime number?
False
Is 151239743 a prime number?
False
Is 2406621259 a composite number?
True
Is 1132372027 prime?
True
Is 15091348859 composite?
False
Is 2994171527 a prime number?
False
Is 8802713497 a prime number?
True
Is 36348241759 a prime number?
True
Is 58784377 composite?
False
Is 2527033121 a prime number?
True
Is 60104899 composite?
True
Is 1601229874 composite?
True
Is 19532014919 a composite number?
False
Is 12399096065 composite?
True
Is 5099217979 a prime number?
False
Is 381221747 a composite number?
True
Is 166795897 a composite number?
True
Is 441435091 a prime number?
True
Is 8832169909 a composite number?
True
Is 20391989113 a prime number?
False
Is 8664910895 a prime number?
False
Is 921801638 prime?
False
Is 4334945063 prime?
True
Is 7567970243 a prime number?
False
Is 3668239027 a prime number?
True
Is 70679907355 prime?
False
Is 13226819 a prime number?
True
Is 1296455453 prime?
False
Is 12501407027 a prime number?
True
Is 51920615689 a composite number?
False
Is 356075671 a composite number?
True
Is 49173676547 a composite number?
True
Is 71871751667 a composite number?
False
Is 10314882679 composite?
False
Is 118776485059 a prime number?
False
Is 44934824681 a prime number?
False
Is 915200179 a prime number?
True
Is 2409778891 composite?
True
Is 1427417933 a prime number?
False
Is 51392386301 a composite number?
False
Is 1985553593 composite?
False
Is 52466054671 a composite number?
True
Is 8168204503 a prime number?
True
Is 688950191 a prime number?
False
Is 3053694019 a prime number?
True
Is 71471471327 a composite number?
False
Is 11618933923 prime?
True
Is 62036771621 a prime number?
False
Is 24221946349 prime?
False
Is 2789818819 a composite number?
False
Is 6047755459 composite?
True
Is 61297843741 composite?
True
Is 497627857 composite?
True
Is 2875426349 composite?
False
Is 2524092149 composite?
True
Is 35992280059 a composite number?
False
Is 1898814278 prime?
False
Is 1218197021 composite?
True
Is 1910636459 composite?
True
Is 2285449853 prime?
True
Is 3500413837 prime?
False
Is 594501658 composite?
True
Is 2632763587 prime?
True
Is 1065251303 a composite number?
False
Is 4774954421 composite?
True
Is 1455412051 a composite number?
False
Is 15440003387 prime?
True
Is 22675646363 a prime number?
False
Is 1454149027 composite?
True
Is 16815084826 a composite number?
True
Is 23566071797 prime?
True
Is 227033740181 a prime number?
False
Is 2498947019 a prime number?
False
Is 557815009 a prime number?
False
Is 3308080657 a prime number?
False
Is 105991409 composite?
False
Is 466788517 a prime number?
False
Is 230430961 a composite number?
False
Is 6018347593 composite?
True
Is 32532259 composite?
True
Is 42485939 composite?
False
Is 824121173 a prime number?
True
Is 6818770391 a composite number?
False
Is 894291109 a composite number?
False
Is 3913624555 prime?
False
Is 59738701 prime?
False
Is 1359877693 a composite number?
False
Is 502827737 a prime number?
False
Is 23768619065 prime?
False
Is 1127600399 a prime number?
True
Is 1652670507 composite?
True
Is 9351217537 composite?
True
Is 359120789 prime?
True
Is 2694506149 composite?
True
Is 30654311111 prime?
False
Is 1093121933 a composite number?
False
Is 39710068133 composite?
False
Is 1605525629 a composite number?
False
Is 2677278323 prime?
False
Is 335629597 a prime number?
True
Is 40159447153 prime?
False
Is 9814272233 a composite number?
False
Is 304289189 a prime number?
False
Is 34177762615 a composite number?
True
Is 317430901 prime?
True
Is 3467154727 a prime number?
True
Is 89295599 prime?
True
Is 48436175089 prime?
True
Is 1398205363 a composite number?
False
Is 64524329657 a prime number?
True
Is 102940451891 composite?
True
Is 8266984541 a prime number?
True
Is 264259901 prime?
False
Is 34931755127 a prime number?
False
Is 2466109049 a composite number?
False
Is 72936792251 prime?
True
Is 8711124571 a prime number?
True
Is 240669397 a prime number?
True
Is 33034879079 a prime number?
True
Is 2387756237 a prime number?
False
Is 699643291 a prime number?
True
Is 2342736959 a prime number?
True
Is 5914219621 prime?
False
Is 19783994921 a prime number?
True
Is 38144323057 a prime number?
False
Is 4675770811 a composite number?
True
Is 39617890051 composite?
False
Is 11480857513 composite?
True
Is 4211611133 a composite number?
True
Is 745275997 a composite number?
False
Is 1558547821 a composite number?
True
Is 5815139579 a prime number?
False
Is 3146716871 a composite number?
True
Is 7049567069 a composite num